-v**3 - 17*v**2 - 31*v - 22. Give w(-15).
-7
Let v(d) = 5*d**2 + 10*d - 10. Give v(-5).
65
Let m(k) = 4*k**2 + 20*k - 10. Calculate m(-6).
14
Let z(r) = r**2 + 6*r - 14. Calculate z(-8).
2
Let i(v) = -v**3 + 15*v**2 + 15*v + 19. Give i(16).
3
Let q(z) = z - 16. Determine q(0).
-16
Let g(m) = 3*m**3 + 6*m**2 - 3*m - 3. Give g(-2).
3
Let u(w) = 9*w**2 + 6*w + 4. Give u(-1).
7
Let b(x) = x**3 + 23*x**2 + 89*x - 22. Give b(-18).
-4
Let s(u) = -6*u**2 - u + 7. Calculate s(-3).
-44
Let z(y) = y**3 + 4*y**2 - y + 2. Give z(-3).
14
Let a(m) = m - 2. What is a(-4)?
-6
Let s(z) = z - 10. Give s(6).
-4
Let u(o) = -2*o**3 - 13*o**2 + 9*o - 9. Determine u(-7).
-23
Let l(b) = 6*b - 5. Calculate l(-6).
-41
Let o(i) = -i**3 + 5*i**2 + 6*i + 1. Give o(6).
1
Let w(x) = -4*x - 5. Calculate w(-2).
3
Let d(w) = 10*w - 1. Determine d(1).
9
Let h(z) = 2*z**2 - z + 4. What is h(6)?
70
Let q(c) = -3*c**2 + 26*c - 10. Give q(10).
-50
Let f(a) = -a**3 + 6*a**2 - 6*a + 1. What is f(6)?
-35
Let h(d) = d**2 - 9*d - 10. Determine h(11).
12
Let w(n) = 2*n**2 - 16*n - 6. Give w(9).
12
Let l(v) = -2*v - 37. Calculate l(-8).
-21
Let w(k) = -2*k**2 + 4*k + 2. Give w(3).
-4
Let v(b) = b**3 - 5*b**2 + 7*b - 8. Calculate v(4).
4
Let k(x) = -x**2 + 16*x - 45. Give k(4).
3
Let b(m) = -2*m**2 + 18*m - 7. What is b(7)?
21
Let x(v) = -6*v + 42. Give x(8).
-6
Let r(i) = 2*i**2 + 25*i + 28. Determine r(-12).
16
Let q(p) = 4*p**3 - p**2 - 6*p + 1. Calculate q(-2).
-23
Let j(t) = -t**3 + 9*t**2 - 12*t + 7. What is j(8)?
-25
Let y(n) = 9*n + 40. Give y(-4).
4
Let s(o) = -11*o - 41. Determine s(-5).
14
Let j(k) = -k**2 - 11*k - 19. Calculate j(-7).
9
Let d(r) = -49*r + 302. Determine d(6).
8
Let r(y) = y**3 + 6*y**2 + 10*y + 2. What is r(-4)?
-6
Let r(t) = 20*t**2 + 5*t + 5. Give r(-1).
20
Let u(t) = -t**3 - 19*t**2 + 20*t + 7. Give u(-20).
7
Let s(d) = d**3 + 11*d**2 + 3*d + 14. Give s(-11).
-19
Let g(j) = j**3 - 5*j**2 - 3*j - 7. Determine g(5).
-22
Let r(a) = -3*a - 3. Calculate r(-7).
18
Let h(f) = -f**3 + 4*f**2 + 4*f + 3. What is h(5)?
-2
Let u(x) = 3*x**3 + 3*x**2 - 1. What is u(-2)?
-13
Let l(q) = 12*q - 256. Determine l(23).
20
Let w(x) = 168*x - 1182. Calculate w(7).
-6
Let n(r) = -r**2 - 8*r + 24. Calculate n(-10).
4
Let l(k) = -k**2 - 4*k - 2. Give l(4).
-34
Let s(g) = g**2 + g - 1. Determine s(3).
11
Let m(g) = g + 1. What is m(-6)?
-5
Let k(y) = -6*y**2 + 22*y + 2. Calculate k(5).
-38
Let w(o) = o + 11. Determine w(-8).
3
Let s(r) = -r**2 - 13*r - 1. Calculate s(-12).
11
Let h(o) = -o**2 - 41*o + 173. Determine h(4).
-7
Let d(s) = -5*s**2 + 17*s - 1. What is d(4)?
-13
Let a(n) = 37*n**2 + n - 2. Give a(1).
36
Let g(d) = 2*d + 8. What is g(3)?
14
Let q(f) = -3*f + 9. Determine q(4).
-3
Let o(g) = -6*g**2. Give o(-2).
-24
Let t(q) = -q**2 + q - 4. Calculate t(2).
-6
Let h(d) = 6*d - 8. What is h(11)?
58
Let p(q) = q**2 + 7*q - 10. What is p(-10)?
20
Let q(n) = -2*n**2 + 2*n - 4. Calculate q(3).
-16
Let o(z) = -2*z**3 - 6*z**2 + 10*z + 5. Give o(-4).
-3
Let p(m) = -m**2 - 8*m - 15. Calculate p(-7).
-8
Let x(o) = -o**2 - 9*o - 13. Give x(-9).
-13
Let f(m) = -21*m - 54. Determine f(-5).
51
Let o(b) = -2*b**3 + 4*b**2 + 2*b - 2. Determine o(3).
-14
Let a(z) = 4*z - 2. What is a(9)?
34
Let z(a) = -a**3 + 2*a**2 + 11*a - 28. Calculate z(4).
-16
Let j(x) = -x**3 - 23*x**2 + 48*x - 58. Calculate j(-25).
-8
Let s(f) = f**2 - 22*f + 101. Give s(12).
-19
Let l(w) = 3*w + 72. Give l(0).
72
Let n(u) = u + 22. Determine n(-25).
-3
Let a(s) = s**3 - 5*s**2 - 2*s + 7. What is a(6)?
31
Let m(i) = -i**3 - 34*i**2 - 33*i + 5. Calculate m(-33).
5
Let s(b) = -2*b**3 - b**2 + 4*b - 5. Calculate s(2).
-17
Let d(w) = w**2 + 17*w + 9. Determine d(-13).
-43
Let c(f) = f**3 - 2*f**2 - 7*f + 26. Calculate c(5).
66
Let y(i) = -i**2 - 17*i - 1. Determine y(-15).
29
Let x(d) = -d**2 + d - 1. What is x(0)?
-1
Let q(s) = -s**3 - 14*s**2 + s + 10. Determine q(-14).
-4
Let d(u) = -u**3 + 16*u**2 - 66*u + 68. Determine d(10).
8
Let x(t) = 8*t - 10. Calculate x(2).
6
Let l(i) = i**3 + 26*i**2 + 68*i - 26. Calculate l(-23).
-3
Let h(b) = -9*b - 4. Calculate h(-3).
23
Let k(h) = -h**3 + 7*h**2 + 13*h + 8. Calculate k(8).
48
Let y(z) = -2*z - 10. Determine y(-9).
8
Let m(k) = k**3 + 6*k**2 - 4*k + 1. What is m(-5)?
46
Let j(r) = r**3 - 15*r**2 + 5. Calculate j(15).
5
Let s(w) = w**3 + w**2 + w - 22. Calculate s(0).
-22
Let k(y) = y**3 - y**2 - 2*y + 5. Determine k(0).
5
Let l(f) = -f**2 - 28*f - 51. Give l(-26).
1
Let r(d) = d**2 + 7*d - 92. Give r(8).
28
Let p(f) = -f**3 + 6*f**2 - 4*f + 6. Calculate p(6).
-18
Let z(v) = -v**2 - 5*v + 22. Calculate z(-8).
-2
Let o(k) = -7*k - 3. Calculate o(-2).
11
Let r(y) = y**3 + 2*y**2 - 10*y - 7. Give r(-4).
1
Let l(p) = -p**3 - p**2 - 9*p - 10. What is l(-3)?
35
Let i(x) = -x**3 - 12*x**2 - 2*x - 23. Calculate i(-12).
1
Let p(u) = -3*u**2 + 23*u - 55. Determine p(4).
-11
Let x(w) = 2*w**3 + 39*w**2 - 274*w + 26. Determine x(-25).
1
Let w(l) = 13*l**2 - 2*l + 1. Give w(1).
12
Let w(j) = -8*j - 2. Determine w(6).
-50
Let y(o) = 2*o**2 - 123*o + 165. Determine y(60).
-15
Let i(a) = 48*a - 192. Determine i(4).
0
Let c(x) = 11*x - 7. Give c(2).
15
Let x(i) = -2*i - 21. Determine x(-10).
-1
Let b(q) = -3*q + 8. Give b(4).
-4
Let c(t) = -2*t - 12. Give c(-5).
-2
Let t(l) = l**2 - 13*l - 16. Give t(16).
32
Let d(r) = -r**2 - 29*r + 26. Give d(-30).
-4
Let c(v) = -v**2 - 23*v - 49. What is c(-3)?
11
Let j(a) = a**2 + 4*a - 11. Give j(-6).
1
Let p(q) = q**3 + 40. What is p(0)?
40
Let h(i) = i**3 + 13*i**2 + 27*i + 2. What is h(-3)?
11
Let c(g) = g**3 - 20*g**2 - 21*g - 1. Calculate c(21).
-1
Let y(c) = 18*c**2 - c - 1. Determine y(2).
69
Let l(g) = g**2 + 16*g - 52. Calculate l(-19).
5
Let g(x) = x**2 - x - 48. Determine g(-6).
-6
Let h(b) = -b + 18. What is h(-1)?
19
Let i(y) = -24*y - 2. What is i(-2)?
46
Let r(m) = 3*m**2 - 16*m + 7. Give r(5).
2
Let f(g) = g**3 - 3*g**2 - 7*g + 5. Give f(2).
-13
Let f(x) = 2*x - 10. Give f(8).
6
Let x(h) = -h**2 - 6*h - 18. What is x(-3)?
-9
Let w(y) = -y**3 - 6*y**2 + 8*y + 5. Determine w(-5).
-60
Let p(n) = n**2 - 6*n - 6. Calculate p(7).
1
Let c(b) = 6*b + 76. Determine c(-15).
-14
Let g(w) = -w**3 - 3*w**2 + 5*w - 11. Determine g(-5).
14
Let l(y) = y + 7. Calculate l(-11).
-4
Let n(p) = p**2 - 7*p - 11. Give n(8).
-3
Let s(j) = j**3 + 4*j**2 - 8*j + 9. Determine s(-6).
-15
Let h(x) = 2*x**3 + 23*x**2 - 8*x + 27. Calculate h(-12).
-21
Let b(y) = y**2 + 19*y + 1. Calculate b(-16).
-47
Let t(p) = -3*p - 9. What is t(-5)?
6
Let x(h) = -3*h - 6. Calculate x(-3).
3
Let w(i) = -4*i + 6. Calculate w(-1).
10
Let d(n) = -2*n**3 - 2*n**2 - 3*n - 4. Determine d(-3).
41
Let w(o) = -8*o + 3. What is w(1)?
-5
Let k(l) = -4*l**2 - l. Determine k(-2).
-14
Let x(k) = k**2 + 3*k + 35. Give x(0).
35
Let k(n) = -2*n**3 + 3*n**2 + 7*n - 18. Calculate k(2).
-8
Let i(j) = -3*j - 12. Determine i(-5).
3
Let z(m) = -m**3 + 13*m**2 + 2*m + 19. Calculate z(13).
45
Let v(t) = t**3 + 4*t**2 - 2*t. Calculate v(-5).
-15
Let r(j) = j**3 + 2*j**2 - 36*j - 15. What is r(-7)?
-8
Let b(r) = -11*r - 3. What is b(3)?
-36
Let c(v) = 22*v + 12. Calculate c(-1).
-10
Let w(p) = 13*p - 1. What is w(-1)?
-14
Let r(w) = 8*w**2 - 4*w - 1. Give r(2).
23
Let b(s) = -26*s - 37. Determine b(-1).
-11
Let d(z) = -z**3 - 5*z**2 + 3*z - 15. What is d(-5)?
-30
Let u(s) = 2*s**2 - 51*s - 32. Give u(26).
-6
Let m(o) = -o**2 - 19*o - 23. What is m(-18)?
-5
Let y(n) = -n**3 - 31*n**2 - 60*n - 43. Determine y(-29).
15
Let y(c) = c**2 - 5*c - 8. What is y(-2)?
6
Let v(m) = 5*m - 11. Give v(-9).
-56
Let q(d) = d**3 - 17*d**2 - 18*d - 3. Give q(18).
-3
Let b(q) = -2*q**2 + 13*q - 7. Calculate b(6).
-1
Let i(p) = 5*p + 16. Determine i(-6).
-14
Let j(f) = -2*f**3 + 2*f - 2. Give j(2).
-14
Let j(k) = k**2 + 39*k + 260. Determine j(-31).
12
Let p(a) = a**3 - 70*a**2 + 66*a + 201. Determine p(69).
-6
Let u(v) = -2*v**3 - 11*v**2 - 2*v + 8. Give u(-5).
-7
Let x(n) = n**3 - 9*n**2 + 2*n - 20. What is x(9)?
-2
Let i(j) = -6*j - 1. Calculate i(9).
-55
Let t(q) = q**2 - 47*q - 39. What is t(48)?
9
Let k(w) = w**3 + 6*w**2 - 4*w + 6. Give k(-6).
30
Let t(v) = -v**3 + 8*v**2 + 3*v - 3. Calculate t(8).
21
Let a(u) = -u**3 - u**2 + 5*u - 3. Calculate a(0).
-3
Let b(m) = -15*m**3 - m**2. Calculate b(1).
-16
Let v(p) = -p*